. Is g composite?
True
Let j = 96 + 199. Is j a composite number?
True
Suppose -5*w + 33 = 5*t - 17, -4*w = -5*t + 5. Suppose -165 - 62 = -y. Suppose 2*h - 157 = -x, w*h + x - y = 161. Is h prime?
False
Let f(x) = 326*x - 9. Let u(s) = -326*s + 10. Let k(z) = -3*f(z) - 2*u(z). Is k(-2) a prime number?
True
Let v(w) = -635*w + 7. Is v(-6) a composite number?
True
Is 3877*(9 + 36/(-9)) a composite number?
True
Let g = 37 + -35. Let p(f) = 38*f**2 - 7*f + 11. Is p(g) a prime number?
True
Let w(j) = j - 2. Let t be ((-8)/(-24))/((-2)/(-12)). Let m be w(t). Suppose -5*n + 9*n - 188 = m. Is n prime?
True
Let d = -2158 - -9353. Is d a prime number?
False
Suppose 0 = 3*f + 2*f. Suppose 0 = -4*s - f*s + 5*q + 37, -5*q = -s + 28. Suppose 12 + 19 = u + 2*c, c = -s. Is u a prime number?
True
Let l(r) = 23674*r**2 - 11*r - 31. Is l(-2) a composite number?
False
Suppose 0 = 4*u - 36 + 16. Suppose -4*m - 36 = u*h, -3*h - 32 = 2*m + 3*m. Is 6/m*2032/(-24) a prime number?
True
Suppose 0 = -4*x - 4*f - 400, 0*x - 188 = 2*x - 2*f. Let o = -60 - x. Is o prime?
True
Suppose -29878 = -13*v - 10833. Is v a composite number?
True
Let j(z) = -4*z**2 - 12*z + 16. Let h be j(-12). Suppose 5*k - 2*k = 2919. Let u = h + k. Is u prime?
True
Is ((-147321)/(-27))/(5/15) composite?
False
Is 46/69*(-35826)/(-4) prime?
False
Let h = 6 - 5. Let y be (h/3)/((-3)/(-45)). Suppose -y*v - 36 - 73 = -4*x, 46 = x + 5*v. Is x a composite number?
False
Let u(q) = 2*q**2 - 7*q - 6. Let s be u(7). Suppose -p = 3*i - 94, -p = -3*i - s - 33. Suppose 10*o = 9*o + p. Is o prime?
False
Suppose -w = 13*l - 14*l + 233, 2*l + 3*w - 486 = 0. Is l a composite number?
True
Let s = 20453 - 6804. Is s prime?
True
Let m = 963 + -1611. Let k = m - -1399. Is k composite?
False
Let o be -2 - 8*4*5. Suppose -3*g + 5*g + 1743 = 5*m, -4*g = 16. Let n = m + o. Is n a prime number?
False
Let y(i) = -3*i - 20. Let n be y(-7). Let l(k) = -58*k**3 + 1. Let q be l(-1). Is (0 + n)*(6 + q) composite?
True
Let q be (-9)/(-6) + (-6)/4. Let p be (-4)/(-5)*15/6. Suppose -962 = -p*u - q*u. Is u prime?
False
Suppose -8 = -4*h + 12. Suppose -42 = -h*o - 17. Suppose -o*v + v + 644 = 0. Is v composite?
True
Let u(g) = 200*g**2 - 6*g + 1. Let a(o) = -2*o - 28. Let c be a(-15). Is u(c) composite?
True
Is (-4)/(-30)*34015 - (-2)/(-6) a composite number?
True
Suppose -10*q + 9*q + 2 = 0. Is -6*(q + (-114)/4) prime?
False
Let h(w) = -4*w - 1. Let o be 6/(-2) + -2 + 1. Let v be h(o). Let l = v + 44. Is l a composite number?
False
Let r(g) = 16*g**3 - 38*g**2 + 176*g - 7. Is r(6) a composite number?
False
Suppose g = -g + 232. Let w = 319 - g. Is w composite?
True
Suppose 0 = t + t + 4, 0 = 3*o - 5*t - 16. Suppose -2*q - 2 = p, -o*q - 5*p - 3 = 7. Let n(i) = -i**2 + 115. Is n(q) a prime number?
False
Let q = 19 - 16. Let r be 1/(q/(-1533)) - -2. Is 10/(-10) + (1 - r) a prime number?
True
Let s(x) = x**3 + 2*x**2 - 5*x - 4. Let k be s(-3). Suppose -k*b = -2*i + 288, 4*i + b = 3*i + 154. Is i prime?
True
Let d(t) = t**2 - 6*t + 8. Let p be d(5). Suppose p*c + 3 + 12 = 0. Is (-7 - c)*381/(-6) composite?
False
Let l(u) = u**3 - 7*u**2 - 8*u + 1. Let f(i) = -3*i**3 + 20*i**2 + 23*i - 3. Let b(v) = 4*f(v) + 11*l(v). Is b(-6) a prime number?
False
Let h(q) = -q**3 + 5*q**2 + q - 7. Let f be h(5). Let s(z) be the third derivative of -41*z**6/120 + z**5/30 + z**4/24 + z**3/6 - 4*z**2. Is s(f) composite?
True
Suppose -2*u = -v - 4*u + 3943, 4*u + 7886 = 2*v. Is v composite?
False
Let v = 14 + -38. Suppose -2*h = -6776 - 3816. Is h/v*(-3)/2 composite?
False
Let i be (-7 - -12)*(-6)/(-5). Let f(t) = 0 - i*t + 2*t + 2 - 13*t. Is f(-5) prime?
False
Suppose 4 = -5*q + q, -y - 8 = -3*q. Let n = y - -37. Is n composite?
True
Suppose 4*h + 3*z - 18 = 6, 12 = 3*z. Suppose 0*b - 4*r = -h*b + 345, 5*r = -5*b + 610. Is b a prime number?
False
Suppose 4*s = -2*n + 100218, -7*n = 2*s - 8*n - 50107. Is s prime?
False
Is (1 - 104706/(-77)) + 4/22 prime?
True
Let x = 19 + -13. Suppose 5*y - x - 9 = 0. Suppose -w + 4*w + 2*f - 1009 = 0, -y*f + 1008 = 3*w. Is w prime?
True
Suppose u = 722 - 135. Let d = 1800 - u. Is d a prime number?
True
Let k(w) = 18*w + 7. Let y = -13 + 25. Is k(y) a prime number?
True
Let c(d) = 96*d + 5. Let j be c(3). Suppose 3*p = 15, -2*y + 4*p = -177 - j. Suppose -o - 4*o = -y. Is o composite?
True
Suppose x - 4*r + 0 = 1, 0 = 5*x + 2*r - 5. Let l be (7 - 5) + -2*x. Is 21 - 0 - l/(-5) prime?
False
Suppose -3300 = -3*m + 3885. Let b = 2 - -1. Suppose -2*f + m = b*f. Is f composite?
False
Let d(j) = 121*j + 2 - 23 - 33*j. Is d(8) a prime number?
True
Let j be -4 + 2 - 90/(-6). Let f = j - -198. Is f prime?
True
Suppose 3*o + 25 = -2*o + u, 20 = 4*u. Let d(t) = -109*t + 7. Is d(o) composite?
False
Suppose -3*c + 217 = -4*x, 0 = -5*x + x + 8. Let v(h) = -h**2 - 14*h - 3. Let a be v(-13). Let s = c - a. Is s a prime number?
False
Let d = -18 + 26. Let z(i) = -6*i - 5*i**3 + 6*i - 5 + 5*i + 6*i**3 - 6*i**2. Is z(d) prime?
True
Let v be (-6)/3 + 2 + 0. Suppose 2*u + 0*f - 2*f + 10 = 0, 5*u - 2*f + 19 = v. Is 486 - (u - (-1 - 1)) a composite number?
False
Let y(n) = 6*n**3 + 40*n**2 - 6*n + 5. Let c(z) = -z**3 - z**2 + z. Let m(v) = -2*c(v) - y(v). Is m(-13) a composite number?
False
Let t(c) = 9*c**2 - 2*c + 1. Let b be t(1). Suppose 7*z + 419 = b*z. Is z a composite number?
False
Suppose 5*c = 5*b - 15420, -4*b + b = -4*c - 9257. Is b a prime number?
True
Suppose 0 = 4*h + h - 18830. Let f = h + -2645. Is f prime?
False
Is (-1 - 9) + 6283777/149 a composite number?
True
Suppose 60170 - 7774 = 5*n + 3*c, 15 = -5*c. Is n a composite number?
True
Let f(j) = -j**3 + 5*j**2 + 21*j - 39. Is f(6) a prime number?
False
Suppose -j = -14 + 7. Let y be (-6)/(-4)*(j + 1). Is (-110)/4*y/(-10) a prime number?
False
Suppose 135 + 121 = -4*x. Let o = 15 - x. Is o a prime number?
True
Let x(h) be the third derivative of 3*h**5/20 - h**4/6 + 13*h**3/3 - h**2. Is x(-8) composite?
True
Suppose -47555 = -5*q + 3*i, 10*q - 11*q + 4*i = -9511. Is q prime?
True
Let z(v) = 8*v**2 - 77*v + 176. Is z(43) composite?
False
Let j(u) = u**2 - 8*u - 25. Suppose 6*r - 9*r - 54 = 0. Is j(r) a prime number?
True
Let u = 116 + -116. Suppose t - 6*t + v = -4341, u = -v + 4. Is t a composite number?
True
Let c be -1 + 3 + 507/1. Suppose c + 656 = 5*o. Let h = -166 + o. Is h prime?
True
Let i(m) = 2*m**2 + 2*m + 1. Let y be i(-2). Let k(r) = 12*r**2 + 1 + 13*r**2 + 2 + r - y*r. Is k(-4) prime?
True
Let b = 616 + -365. Let h = -124 + b. Is h composite?
False
Let f(w) = 98*w - 11. Let v(a) = 49*a - 6. Let g(j) = 3*f(j) - 5*v(j). Suppose -18 = -4*l + 3*l - 4*h, -2*l + 18 = 2*h. Is g(l) composite?
True
Let j(t) be the second derivative of t**3/6 - 3*t**2 - t. Let o be j(4). Is (-2)/o*(148 + 1) composite?
False
Let p(a) = 75*a**2 - 3*a + 5. Is p(2) prime?
False
Let j(d) = -195*d - 157. Is j(-16) prime?
True
Let i = 2104 - 155. Is i composite?
False
Let t(w) = -223*w + 21. Let p be t(-4). Suppose p + 393 = 2*b. Is b prime?
True
Suppose 14*p + 4774 = 15708. Is p prime?
False
Let f = -2500 - -3957. Is f a composite number?
True
Let c be (1236/18 - 0)/(2/381). Suppose 0 = 13*f - c + 3318. Is f a prime number?
True
Is -6*(-5)/10 + 214 - 6 a composite number?
False
Suppose 2*f - 20 = 2*t, 0 = -f + 2*t + 10 + 2. Suppose -q = 2*h - f, -2*q + 3*q + 5*h - 20 = 0. Is q - -210 - -1*3 prime?
False
Let a be (-344)/(-84) - 4 - (-88)/(-42). Suppose -5*t + 18 = 148. Is (t + a)*29/(-4) a prime number?
False
Suppose 2*b - 103835 = -5*f, -4*b + 6*b = 10. Is f a prime number?
False
Let o = 96 - -91. Is o a prime number?
False
Let t(z) = 13*z**3 - 4*z**2 + 7*z - 7. Let b(f) = 27*f**3 - 7*f**2 + 15*f - 14. Let d(i) = -6*b(i) + 13*t(i). Is d(6) a composite number?
False
Is 68*7/(-28)*1*-2503 prime?
False
Is 3 - (0/(-6) - 3548) prime?
False
Let y = 12768 + -5164. Let x = 10747 - y. Is x composite?
True
Is -141*(-265)/6 + 6/4 composite?
False
Let x = 2333 - 1322. Suppose 2*w - 467 = x. Is w a composite number?
False
Let y(t) be the second derivative of 17*t**3/6 - 4*t**2 - 38*t. Suppose 0*k + 12 = 2*k. Is y(k) prime?
False
Suppose -33*a = -35*a. Suppose a*s - 265 = -5*s. Is s a composite number?
False
Let c = -170 - -329. Let a = c + -282. Is 16/4 + -8 - a a composite number?
True
Let p = -15590 + 30925. 